?
3
What is the tens digit of 2250451939?
3
What is the units digit of 65390378?
8
What is the ten thousands digit of 66910000?
1
What is the ten thousands digit of 795568060?
6
What is the ten millions digit of 1522162606?
2
What is the ten millions digit of 30273110?
3
What is the ten thousands digit of 47016137?
1
What is the hundred millions digit of 360810642?
3
What is the ten millions digit of 177268173?
7
What is the ten thousands digit of 35497508?
9
What is the millions digit of 15210450?
5
What is the thousands digit of 5832117474?
7
What is the millions digit of 296775211?
6
What is the ten thousands digit of 12862387?
6
What is the hundred thousands digit of 7757423?
7
What is the tens digit of 1222578392?
9
What is the hundred thousands digit of 172095242?
0
What is the tens digit of 231972690?
9
What is the units digit of 28426979?
9
What is the ten thousands digit of 10678530?
7
What is the thousands digit of 980062689?
2
What is the ten millions digit of 35671968?
3
What is the thousands digit of 8516832574?
2
What is the ten thousands digit of 5073682780?
8
What is the hundred thousands digit of 386424046?
4
What is the hundred millions digit of 2124418204?
1
What is the hundreds digit of 115513145?
1
What is the millions digit of 8864372?
8
What is the thousands digit of 118841783?
1
What is the millions digit of 93721102?
3
What is the ten millions digit of 23140464?
2
What is the ten thousands digit of 320377201?
7
What is the ten millions digit of 237521024?
3
What is the units digit of 21121445?
5
What is the units digit of 2582534542?
2
What is the ten millions digit of 476273491?
7
What is the hundreds digit of 1249763353?
3
What is the tens digit of 823501869?
6
What is the tens digit of 1897971039?
3
What is the thousands digit of 46685694?
5
What is the ten millions digit of 69351808?
6
What is the billions digit of 1304249209?
1
What is the hundred millions digit of 138210260?
1
What is the tens digit of 58061519?
1
What is the hundred thousands digit of 1659571539?
5
What is the hundred thousands digit of 165983156?
9
What is the ten millions digit of 78720889?
7
What is the hundred thousands digit of 66669721?
6
What is the hundreds digit of 456302481?
4
What is the ten thousands digit of 59083230?
8
What is the ten millions digit of 2140053166?
4
What is the tens digit of 105765000?
0
What is the ten thousands digit of 65070459?
7
What is the thousands digit of 53020253?
0
What is the hundred thousands digit of 237895756?
8
What is the tens digit of 69883076?
7
What is the thousands digit of 3345807644?
7
What is the hundred millions digit of 4883319266?
8
What is the ten millions digit of 33022577?
3
What is the hundred millions digit of 474606366?
4
What is the thousands digit of 693269768?
9
What is the ten thousands digit of 77428297?
2
What is the hundreds digit of 6422111452?
4
What is the millions digit of 5353404467?
3
What is the units digit of 8373436?
6
What is the millions digit of 186897985?
6
What is the hundred millions digit of 633945390?
6
What is the tens digit of 2713074961?
6
What is the millions digit of 41513320?
1
What is the thousands digit of 12653020?
3
What is the hundred millions digit of 1186571408?
1
What is the hundred thousands digit of 56758094?
7
What is the tens digit of 3193580536?
3
What is the ten thousands digit of 3783743043?
4
What is the ten millions digit of 38928624?
3
What is the millions digit of 5228000731?
8
What is the tens digit of 896709?
0
What is the ten millions digit of 60308788?
6
What is the tens digit of 36962080?
8
What is the tens digit of 24625515?
1
What is the tens digit of 671157288?
8
What is the ten millions digit of 55034591?
5
What is the tens digit of 1793338928?
2
What is the tens digit of 77060111?
1
What is the ten millions digit of 29305325?
2
What is the ten millions digit of 36499733?
3
What is the millions digit of 442447941?
2
What is the hundred thousands digit of 223203137?
2
What is the ten thousands digit of 110540387?
4
What is the ten thousands digit of 1901806994?
0
What is the hundred thousands digit of 513499166?
4
What is the ten thousands digit of 8381789?
8
What is the thousands digit of 1236975?
6
What is the units digit of 286943456?
6
What is the ten millions digit of 1988946133?
8
What is the units digit of 62506609?
9
What is the units digit of 140988583?
3
What is the ten millions digit of 1161706670?
6
What is the hundred thousands digit of 10424693?
4
What is the thousands digit of 5043380043?
0
What is the thousands digit of 120921316?
1
What is the hundred thousands digit of 468676056?
6
What is the millions digit of 13550953?
3
What is the millions digit of 201463840?
1
What is the units digit of 118897040?
0
What is the ten millions digit of 2622095887?
2
What is the tens digit of 133212312?
1
What is the ten millions digit of 2000812998?
0
What is the millions digit of 588193209?
8
What is the tens digit of 1302612142?
4
What is the millions digit of 3786038409?
6
What is the millions digit of 208688429?
8
What is the ten thousands digit of 8090167?
9
What is the hundreds digit of 1817341704?
7
What is the units digit of 2207891?
1
What is the hundreds digit of 334070325?
3
What is the thousands digit of 253556217?
6
What is the thousands digit of 571414008?
4
What is the ten thousands digit of 53675221?
7
What is the millions digit of 124427603?
4
What is the tens digit of 1356601128?
2
What is the ten millions digit of 26572452?
2
What is the thousands digit of 82121914?
1
What is the ten millions digit of 30461789?
3
What is the tens digit of 36644996?
9
What is the units digit of 309580183?
3
What is the units digit of 78057580?
0
What is the ten thousands digit of 602133119?
3
What is the millions digit of 105625037?
5
What is the hundred thousands digit of 41964964?
9
What is the hundreds digit of 192706169?
1
What is the thousands digit of 389162216?
2
What is the tens digit of 476011522?
2
What is the millions digit of 154292078?
4
What is the thousands digit of 4889144795?
4
What is the hundreds digit of 48770590?
5
What is the hundreds digit of 107713434?
4
What is the hundred thousands digit of 460059676?
0
What is the hundreds digit of 368127267?
2
What is the ten thousands digit of 56404096?
0
What is the thousands digit of 1846051843?
1
What is the tens digit of 93015949?
4
What is the hundred thousands digit of 89189556?
1
What is the millions digit of 18102395?
8
What is the ten thousands digit of 1401889366?
8
What is the billions digit of 1189640773?
1
What is the tens digit of 40647193?
9
What is the millions digit of 66790347?
6
What is the billions digit of 3075043978?
3
What is the tens digit of 914616?
1
What is the tens digit of 76722956?
5
What is the ten thousands digit of 577956047?
5
What is the hundred thousands digit of 54134941?
1
What is the ten thousands digit of 1106897221?
9
What is the thousands digit of 1477482?
7
What is the hundreds digit of 3192474213?
2
What is the hundreds digit of 1048593423?
4
What is the hundred thousands digit of 2620962394?
9
What is the units digit of 49801542?
2
What is the ten thousands digit of 119084778?
8
What is the billions digit of 1905518083?
1
What is the hundred thousands digit of 2336854687?
8
What is the tens digit of 8685688?
8
What is the hundred thousands digit of 97936608?
9
What is the thousands digit of 633440112?
0
What is the units digit of 143260258?
8
What is the thousands digit of 134763105?
3
What is the tens digit of 250701720?
2
What is the tens digit of 168434181?
8
What is the millions digit of 521732756?
1
What is the ten thousands digit of 3038702662?
0
What is the units digit of 1954841553?
3
What is the tens digit of 7676758?
5
What is the hundreds digit of 170459773?
7
What is the tens digit of 41811971?
7
What is the hundreds digit of 68720844?
8
What is the hundred millions digit of 6047878650?
0
What is the tens digit of 314921922?
2
What is the tens digit of 89463975?
7
What is the tens digit of 4883226128?
2
What is the units digit of 6600055?
5
What is the millions digit of 4003706936?
3
What is the hundred thousands digit of 38345884?
3
What is the tens digit of 103879314?
1
What is the hundred thousand